0779
What are the prime factors of 8568229?
73, 117373
What are the prime factors of 53528096?
2, 1672753
List the prime factors of 17666550.
2, 3, 5, 11, 43, 83
List the prime factors of 1542250.
2, 5, 31, 199
What are the prime factors of 2328663434?
2, 17, 271, 252731
List the prime factors of 18454392.
2, 3, 11, 863
What are the prime factors of 2237552044?
2, 7, 13, 467, 13163
What are the prime factors of 172939930?
2, 5, 809, 21377
What are the prime factors of 1333015523?
7, 43, 107, 41389
What are the prime factors of 1898543856?
2, 3, 11, 3595727
What are the prime factors of 1252884225?
3, 5, 19, 53, 313
What are the prime factors of 323189394?
2, 3, 11, 4896809
List the prime factors of 707063047.
4547, 155501
What are the prime factors of 2507586112?
2, 47, 17737
What are the prime factors of 54312807?
3, 17, 1064957
List the prime factors of 5738583361.
7, 43, 19065061
What are the prime factors of 152483714?
2, 73, 1044409
List the prime factors of 21174404.
2, 43, 307, 401
List the prime factors of 185635226.
2, 7, 149, 12713
What are the prime factors of 105935417?
7, 15133631
List the prime factors of 42738256.
2, 11, 37, 6563
List the prime factors of 4746213189.
3, 719, 733459
List the prime factors of 45684648.
2, 3, 70501
What are the prime factors of 347093810?
2, 5, 7, 199, 24917
List the prime factors of 22321548.
2, 3, 41, 71
What are the prime factors of 421357425?
3, 5, 31, 127, 1427
List the prime factors of 675354.
2, 3, 112559
List the prime factors of 63266171.
401, 157771
List the prime factors of 11751670.
2, 5, 7, 29, 827
List the prime factors of 6168513002.
2, 17, 229, 792257
What are the prime factors of 334675500?
2, 3, 5, 19, 11743
What are the prime factors of 942247584?
2, 3, 29, 101, 1117
List the prime factors of 66342819.
3, 199, 111127
What are the prime factors of 362743058?
2, 181371529
List the prime factors of 84489239.
59, 1432021
What are the prime factors of 455847134?
2, 643, 354469
What are the prime factors of 314467077?
3, 104822359
What are the prime factors of 133460330?
2, 5, 41, 325513
What are the prime factors of 39357166?
2, 31, 634793
List the prime factors of 4099989761.
7, 83, 1151, 6131
What are the prime factors of 1321535559?
3, 4127, 106739
List the prime factors of 671550023.
3539, 189757
What are the prime factors of 115549887?
3, 19, 613, 3307
List the prime factors of 337331636.
2, 84332909
What are the prime factors of 51784924?
2, 17, 761543
List the prime factors of 2521851522.
2, 3, 149, 2820863
What are the prime factors of 1820849189?
223, 353, 23131
What are the prime factors of 47712153?
3, 347, 45833
List the prime factors of 23053393.
11, 397, 5279
What are the prime factors of 1604459598?
2, 3, 7, 19, 2010601
What are the prime factors of 30022634?
2, 71, 211427
List the prime factors of 30871223.
1279, 24137
What are the prime factors of 10719398?
2, 233, 23003
What are the prime factors of 15399420?
2, 3, 5, 23, 11159
List the prime factors of 37848250.
2, 5, 11, 13763
List the prime factors of 56306896.
2, 37, 227, 419
What are the prime factors of 11834058?
2, 3, 1972343
List the prime factors of 3455780710.
2, 5, 661, 522811
List the prime factors of 653652567.
3, 17, 4272239
List the prime factors of 375125341.
19, 19743439
What are the prime factors of 736753533?
3, 31, 255551
List the prime factors of 144778317.
3, 48259439
What are the prime factors of 518185232?
2, 32386577
What are the prime factors of 677258615?
5, 11, 127, 96959
List the prime factors of 453190548.
2, 3, 41, 157, 5867
List the prime factors of 1081101190.
2, 5, 13, 8316163
What are the prime factors of 2878239852?
2, 3, 19, 41, 34211
What are the prime factors of 55219989?
3, 11, 41, 40813
List the prime factors of 161599019.
47, 3438277
What are the prime factors of 666909158?
2, 19, 17550241
What are the prime factors of 1180542671?
7, 11, 97, 14369
What are the prime factors of 4931825873?
13, 137, 2769133
What are the prime factors of 3225293810?
2, 5, 479, 673339
List the prime factors of 173132795.
5, 11, 239, 13171
What are the prime factors of 803428805?
5, 277, 580093
List the prime factors of 37652555.
5, 41, 61, 3011
List the prime factors of 30306502.
2, 23, 658837
List the prime factors of 25564426.
2, 12782213
What are the prime factors of 786396273?
3, 13, 373, 54059
What are the prime factors of 583965802?
2, 7, 97, 430019
What are the prime factors of 206199926?
2, 59, 883, 1979
What are the prime factors of 81857177?
81857177
List the prime factors of 47880839.
47880839
List the prime factors of 54211741.
54211741
What are the prime factors of 598148582?
2, 299074291
List the prime factors of 63561482.
2, 43, 739087
List the prime factors of 9616653.
3, 1068517
List the prime factors of 151917720.
2, 3, 5, 1265981
List the prime factors of 353654631.
3, 11, 101, 113, 313
What are the prime factors of 41249147?
1811, 22777
List the prime factors of 3429882204.
2, 3, 7, 19, 337, 911
What are the prime factors of 2815236?
2, 3, 8689
List the prime factors of 9319028.
2, 103, 22619
What are the prime factors of 5176764594?
2, 3, 1183531
List the prime factors of 95059298.
2, 89, 211, 2531
List the prime factors of 523405548.
2, 3, 14539043
List the prime factors of 1210723774.
2, 13, 821, 4363
List the prime factors of 442344952.
2, 7, 31, 89, 409
What are the prime factors of 267193640?
2, 5, 7, 954263
What are the prime factors of 2957792613?
3, 17761, 55511
List the prime factors of 140887300.
2, 5, 1408873
List the prime factors of 2412973265.
5, 482594653
What are the prime factors of 504880282?
2, 252440141
List the prime factors of 764046377.
233, 421, 7789
What are the prime factors of 509773133?
53, 9618361
What are the prime factors of 2313162565?
5, 7, 6709, 9851
What are the prime factors of 828816002?
2, 7, 661, 89563
What are the prime factors of 550428268?
2, 13, 814243
List the prime factors of 208737664.
2, 1630763
What are the prime factors of 345631107?
3, 41, 2810009
List the prime factors of 3623800915.
5, 7, 467, 221707
List the prime factors of 202208073.
3, 1471, 45821
What are the prime factors of 76681726?
2, 11, 41, 151, 563
What are the prime factors of 1611477503?
43, 37476221
What are the prime factors of 2519723198?
2, 1259861599
List the prime factors of 5797083.
3, 1932361
What are the prime factors of 394914094?
2, 23, 431, 19919
List the prime factors of 158169322.
2, 2237, 35353
List the prime factors of 166175539.
19, 29, 191, 1579
What are the prime factors of 42892052?
2, 7, 53, 4129
What are the prime factors of 132911002?
2, 7, 29, 467, 701
What are the prime factors of 60839034?
2, 3, 619, 16381
What are the prime factors of 387313937?
29, 59, 226367
List the prime factors of 1186546435.
5, 191, 1242457
List the prime factors of 114903897.
3, 38301299
List the prime factors of 185458666.
2, 61, 1520153
List the prime factors of 437881925.
5, 13, 1347329
What are the prime factors of 1148094342?
2, 3, 19, 3357001
What are the prime factors of 1038951731?
163, 2381, 2677
List the prime factors of 3743741942.
2, 1871870971
List the prime factors of 828155571.
3, 37, 7460861
What are the prime factors of 3039749194?
2, 61, 24915977
What are the prime factors of 3125461030?
2, 5, 23, 13588961
List the prime factors of 18925764.
2, 3, 11, 13, 41, 269
List the prime factors of 275515617.
3, 13, 17, 415559
List the prime factors of 273536088.
2, 3, 7, 1628191
What are the prime factors of 116978432?
2, 397, 1151
List the prime factors of 34910047.
34910047
What are the prime factors of 46337005?
5, 11, 13, 229, 283
List the prime factors of 47642593.
1549, 30757
List the prime factors of 58107747.
3, 19369249
What are the prime factors of 114530671?
41, 67, 173, 241
List the prime factors of 48444158.
2, 7, 193, 17929
What are the prime factors of 285586834?
2, 13, 19, 313, 1847
What are the prime factors of 7905106918?
2, 17123, 230833
What are the prime factors of 32738624?
2, 511541
What are the prime factors of 4668597?
3, 57637
What are the prime factors of 110143096?
2, 7, 1966841
What are the prime factors of 798484456?
2, 7, 11, 727, 1783
List the prime factors of 137093931.
3, 13, 390581
What are the prime factors of 3